{"id":61,"date":"2017-03-21T19:48:36","date_gmt":"2017-03-21T19:48:36","guid":{"rendered":"http:\/\/www.dormire.se\/?page_id=61"},"modified":"2017-10-18T22:27:30","modified_gmt":"2017-10-18T21:27:30","slug":"tyngdtacken","status":"publish","type":"page","link":"https:\/\/www.dormire.se\/?page_id=61","title":{"rendered":"Sensory Tyngdt\u00e4cke, varierbar vikt"},"content":{"rendered":"<p><strong>Sensory Tyngdt\u00e4cke<\/strong><\/p>\n<p>Sensory Tyngdt\u00e4cke \u00e4r ett smidigt tyngdt\u00e4cke utan st\u00f6rande ljud vid anv\u00e4ndning. T\u00e4cket har en lugnande effekt och kan med f\u00f6rdel anv\u00e4ndas vid \u00e5ngest, f\u00f6r att minska oro, vid neuropsykiatriska funktionshinder, sm\u00e4rta eller s\u00f6mnsv\u00e5righeter.<br \/>\nDet g\u00e5r att omf\u00f6rdela och f\u00f6r\u00e4ndra vikten p\u00e5 t\u00e4cket utifr\u00e5n behov t.ex. i takt med att individen v\u00e4xer eller att behovet f\u00f6r\u00e4ndras.<br \/>\nT\u00e4cket packas enkelt ner i en snygg medf\u00f6ljande v\u00e4ska och \u00e4r l\u00e4tt att ta med vid resor. T\u00e4cket \u00e4r svalt f\u00f6r att vara ett tyngdt\u00e4cke.<\/p>\n<p>Vikten i t\u00e4cket utg\u00f6rs av plastkulor som sytts in i ett innertyg f\u00f6r \u00f6kad h\u00e5llbarhet och komfort. Sensory tyngdt\u00e4cke kan anv\u00e4ndas b\u00e5de som ett vanligt t\u00e4cke eller ditt vanliga t\u00e4cke, att ha \u00f6ver\/runt axlarna eller f\u00f6r att vira om sig f\u00f6r en lugnande omfamnande effekt\/k\u00e4nsla.<\/p>\n<p>Sensory tyngdt\u00e4cke \u00e4r CE-m\u00e4rkt och registrerat som en medicinteknisk klass 1 produkt. Storlek 135 cm x 200 cm. Kan tv\u00e4ttas i tv\u00e4ttmaskin i 60 grader.<\/p>\n<p>T\u00e4cket \u00e4r tillverkat i England av ett slitstarkt yttermaterial gjort av polyester och bomull med ett innertyg till f\u00f6r att ge komfort, h\u00e5llbarhet och vara s\u00e4kert.<\/p>\n<p>Vi rekommenderar att du konsulterar din arbetsterapeut\u00a0f\u00f6r att best\u00e4mma korrekt vikt f\u00f6r dig och f\u00f6re du anv\u00e4nder tyngdt\u00e4cket.<\/p>\n<p>Sensory Tyngdt\u00e4cke finns i f\u00f6ljande standardutf\u00f6rande:<\/p>\n<p>3.2 kg<br \/>\n4.5 kg<br \/>\n6.0 kg<br \/>\n8.0 kg<br \/>\n10 kg<br \/>\n14 kg<\/p>\n<p>Sensory tyngdt\u00e4cke har en garanti p\u00e5 2 \u00e5r g\u00e4llande kvaliteten p\u00e5 materialet och arbetet.<\/p>\n<p>T\u00e4cket inneh\u00e5ller fickor vilket m\u00f6jligg\u00f6r att man kan ta bort eller l\u00e4gga till extra vikter. Detta g\u00f6r att du enkelt kan anpassa tyngden efter ditt behov. \u00d6nskar du fokusera vikten p\u00e5 ett s\u00e4rskilt st\u00e4lle kan detta g\u00f6ras. Du kan ocks\u00e5 \u00f6ka vikten allt eftersom ditt barn v\u00e4xer och blir st\u00f6rre.<\/p>\n","protected":false},"excerpt":{"rendered":"<p>Sensory Tyngdt\u00e4cke Sensory Tyngdt\u00e4cke \u00e4r ett smidigt tyngdt\u00e4cke utan st\u00f6rande ljud vid anv\u00e4ndning. T\u00e4cket har en lugnande effekt och kan med f\u00f6rdel anv\u00e4ndas vid \u00e5ngest, f\u00f6r att minska oro, vid neuropsykiatriska funktionshinder, sm\u00e4rta eller s\u00f6mnsv\u00e5righeter. Det g\u00e5r att omf\u00f6rdela och f\u00f6r\u00e4ndra vikten p\u00e5 t\u00e4cket utifr\u00e5n behov t.ex. i takt med att individen v\u00e4xer eller att [&hellip;]<\/p>\n","protected":false},"author":1,"featured_media":113,"parent":48,"menu_order":0,"comment_status":"closed","ping_status":"closed","template":"","meta":{"footnotes":""},"class_list":["post-61","page","type-page","status-publish","has-post-thumbnail","hentry"],"_links":{"self":[{"href":"https:\/\/www.dormire.se\/index.php?rest_route=\/wp\/v2\/pages\/61","targetHints":{"allow":["GET"]}}],"collection":[{"href":"https:\/\/www.dormire.se\/index.php?rest_route=\/wp\/v2\/pages"}],"about":[{"href":"https:\/\/www.dormire.se\/index.php?rest_route=\/wp\/v2\/types\/page"}],"author":[{"embeddable":true,"href":"https:\/\/www.dormire.se\/index.php?rest_route=\/wp\/v2\/users\/1"}],"replies":[{"embeddable":true,"href":"https:\/\/www.dormire.se\/index.php?rest_route=%2Fwp%2Fv2%2Fcomments&post=61"}],"version-history":[{"count":20,"href":"https:\/\/www.dormire.se\/index.php?rest_route=\/wp\/v2\/pages\/61\/revisions"}],"predecessor-version":[{"id":483,"href":"https:\/\/www.dormire.se\/index.php?rest_route=\/wp\/v2\/pages\/61\/revisions\/483"}],"up":[{"embeddable":true,"href":"https:\/\/www.dormire.se\/index.php?rest_route=\/wp\/v2\/pages\/48"}],"wp:featuredmedia":[{"embeddable":true,"href":"https:\/\/www.dormire.se\/index.php?rest_route=\/wp\/v2\/media\/113"}],"wp:attachment":[{"href":"https:\/\/www.dormire.se\/index.php?rest_route=%2Fwp%2Fv2%2Fmedia&parent=61"}],"curies":[{"name":"wp","href":"https:\/\/api.w.org\/{rel}","templated":true}]}}