{"id":247,"date":"2017-10-15T07:19:22","date_gmt":"2017-10-15T06:19:22","guid":{"rendered":"http:\/\/www.dormire.se\/?page_id=247"},"modified":"2017-10-18T22:55:24","modified_gmt":"2017-10-18T21:55:24","slug":"sensory-tyngdtacke-barn","status":"publish","type":"page","link":"https:\/\/www.dormire.se\/?page_id=247","title":{"rendered":"Sensory Tyngdt\u00e4cke barn"},"content":{"rendered":"<p><img loading=\"lazy\" decoding=\"async\" class=\"size-medium wp-image-348 alignright\" src=\"http:\/\/www.dormire.se\/wp-content\/uploads\/2017\/10\/DSC02505-300x210.png\" alt=\"\" width=\"300\" height=\"210\" srcset=\"https:\/\/www.dormire.se\/wp-content\/uploads\/2017\/10\/DSC02505-300x210.png 300w, https:\/\/www.dormire.se\/wp-content\/uploads\/2017\/10\/DSC02505-555x388.png 555w, https:\/\/www.dormire.se\/wp-content\/uploads\/2017\/10\/DSC02505-768x536.png 768w, https:\/\/www.dormire.se\/wp-content\/uploads\/2017\/10\/DSC02505-1024x715.png 1024w\" sizes=\"auto, (max-width: 300px) 100vw, 300px\" \/>Ett mindre t\u00e4cke som passar f\u00f6r barn fr\u00e5n 3 \u00e5rs \u00e5lder. T\u00e4cket finns i r\u00f6tt med vita stj\u00e4rnor och bl\u00e5tt med vita stj\u00e4rnor. T\u00e4cket \u00e4r v\u00e5rt minsta och passar bra som ett dagt\u00e4cke f\u00f6r de mindre barnen.<\/p>\n<p>Finns i vikterna 2kg, 3kg, 4kg.<\/p>\n","protected":false},"excerpt":{"rendered":"<p>Ett mindre t\u00e4cke som passar f\u00f6r barn fr\u00e5n 3 \u00e5rs \u00e5lder. T\u00e4cket finns i r\u00f6tt med vita stj\u00e4rnor och bl\u00e5tt med vita stj\u00e4rnor. T\u00e4cket \u00e4r v\u00e5rt minsta och passar bra som ett dagt\u00e4cke f\u00f6r de mindre barnen. Finns i vikterna 2kg, 3kg, 4kg.<\/p>\n","protected":false},"author":1,"featured_media":359,"parent":0,"menu_order":0,"comment_status":"closed","ping_status":"closed","template":"","meta":{"footnotes":""},"class_list":["post-247","page","type-page","status-publish","has-post-thumbnail","hentry"],"_links":{"self":[{"href":"https:\/\/www.dormire.se\/index.php?rest_route=\/wp\/v2\/pages\/247","targetHints":{"allow":["GET"]}}],"collection":[{"href":"https:\/\/www.dormire.se\/index.php?rest_route=\/wp\/v2\/pages"}],"about":[{"href":"https:\/\/www.dormire.se\/index.php?rest_route=\/wp\/v2\/types\/page"}],"author":[{"embeddable":true,"href":"https:\/\/www.dormire.se\/index.php?rest_route=\/wp\/v2\/users\/1"}],"replies":[{"embeddable":true,"href":"https:\/\/www.dormire.se\/index.php?rest_route=%2Fwp%2Fv2%2Fcomments&post=247"}],"version-history":[{"count":3,"href":"https:\/\/www.dormire.se\/index.php?rest_route=\/wp\/v2\/pages\/247\/revisions"}],"predecessor-version":[{"id":378,"href":"https:\/\/www.dormire.se\/index.php?rest_route=\/wp\/v2\/pages\/247\/revisions\/378"}],"wp:featuredmedia":[{"embeddable":true,"href":"https:\/\/www.dormire.se\/index.php?rest_route=\/wp\/v2\/media\/359"}],"wp:attachment":[{"href":"https:\/\/www.dormire.se\/index.php?rest_route=%2Fwp%2Fv2%2Fmedia&parent=247"}],"curies":[{"name":"wp","href":"https:\/\/api.w.org\/{rel}","templated":true}]}}