{"id":244,"date":"2017-10-15T07:19:09","date_gmt":"2017-10-15T06:19:09","guid":{"rendered":"http:\/\/www.dormire.se\/?page_id=244"},"modified":"2017-10-18T22:44:51","modified_gmt":"2017-10-18T21:44:51","slug":"sensory-tyngdtacke-classic","status":"publish","type":"page","link":"https:\/\/www.dormire.se\/?page_id=244","title":{"rendered":"Sensory Tyngdt\u00e4cke classic"},"content":{"rendered":"<p>Sensory Tyngdt\u00e4cke classic \u00e4r ett mycket smidigt t\u00e4cke som \u00e4r n\u00e5got mindre i storlek. Passar barn och ungdomar samt n\u00e4r man inte vill ha tyngd p\u00e5 hela kroppen. Vikten kan inte varieras p\u00e5 detta t\u00e4cke.<\/p>\n<p>T\u00e4cket finns i vikterna 2,5kg, 3kg, 3,6kg, 4,5kg, 6kg.<img loading=\"lazy\" decoding=\"async\" class=\"alignnone size-medium wp-image-348\" src=\"http:\/\/www.dormire.se\/wp-content\/uploads\/2017\/10\/DSC02505-300x210.png\" alt=\"\" width=\"300\" height=\"210\" srcset=\"https:\/\/www.dormire.se\/wp-content\/uploads\/2017\/10\/DSC02505-300x210.png 300w, https:\/\/www.dormire.se\/wp-content\/uploads\/2017\/10\/DSC02505-555x388.png 555w, https:\/\/www.dormire.se\/wp-content\/uploads\/2017\/10\/DSC02505-768x536.png 768w, https:\/\/www.dormire.se\/wp-content\/uploads\/2017\/10\/DSC02505-1024x715.png 1024w\" sizes=\"auto, (max-width: 300px) 100vw, 300px\" \/><\/p>\n","protected":false},"excerpt":{"rendered":"<p>Sensory Tyngdt\u00e4cke classic \u00e4r ett mycket smidigt t\u00e4cke som \u00e4r n\u00e5got mindre i storlek. Passar barn och ungdomar samt n\u00e4r man inte vill ha tyngd p\u00e5 hela kroppen. Vikten kan inte varieras p\u00e5 detta t\u00e4cke. T\u00e4cket finns i vikterna 2,5kg, 3kg, 3,6kg, 4,5kg, 6kg.<\/p>\n","protected":false},"author":1,"featured_media":368,"parent":0,"menu_order":0,"comment_status":"closed","ping_status":"closed","template":"","meta":{"footnotes":""},"class_list":["post-244","page","type-page","status-publish","has-post-thumbnail","hentry"],"_links":{"self":[{"href":"https:\/\/www.dormire.se\/index.php?rest_route=\/wp\/v2\/pages\/244","targetHints":{"allow":["GET"]}}],"collection":[{"href":"https:\/\/www.dormire.se\/index.php?rest_route=\/wp\/v2\/pages"}],"about":[{"href":"https:\/\/www.dormire.se\/index.php?rest_route=\/wp\/v2\/types\/page"}],"author":[{"embeddable":true,"href":"https:\/\/www.dormire.se\/index.php?rest_route=\/wp\/v2\/users\/1"}],"replies":[{"embeddable":true,"href":"https:\/\/www.dormire.se\/index.php?rest_route=%2Fwp%2Fv2%2Fcomments&post=244"}],"version-history":[{"count":5,"href":"https:\/\/www.dormire.se\/index.php?rest_route=\/wp\/v2\/pages\/244\/revisions"}],"predecessor-version":[{"id":473,"href":"https:\/\/www.dormire.se\/index.php?rest_route=\/wp\/v2\/pages\/244\/revisions\/473"}],"wp:featuredmedia":[{"embeddable":true,"href":"https:\/\/www.dormire.se\/index.php?rest_route=\/wp\/v2\/media\/368"}],"wp:attachment":[{"href":"https:\/\/www.dormire.se\/index.php?rest_route=%2Fwp%2Fv2%2Fmedia&parent=244"}],"curies":[{"name":"wp","href":"https:\/\/api.w.org\/{rel}","templated":true}]}}